{"id":63,"date":"2022-09-17T07:40:54","date_gmt":"2022-09-17T05:40:54","guid":{"rendered":"https:\/\/job-connectors.de\/portfolio\/summer-sunshine\/"},"modified":"2023-01-09T14:20:08","modified_gmt":"2023-01-09T13:20:08","slug":"handel","status":"publish","type":"portfolio","link":"https:\/\/job-connectors.de\/sq\/portfolio\/handel\/","title":{"rendered":"tregtis\u00eb"},"content":{"rendered":"<div data-elementor-type=\"wp-post\" data-elementor-id=\"63\" class=\"elementor elementor-63\">\n\t\t\t\t\t\t<div class=\"elementor-inner\">\n\t\t\t\t<div class=\"elementor-section-wrap\">\n\t\t\t\t\t\t\t\t\t<section class=\"elementor-section elementor-top-section elementor-element elementor-element-7849112e elementor-section-full_width elementor-section-height-default elementor-section-height-default\" data-id=\"7849112e\" data-element_type=\"section\" data-settings=\"{&quot;background_background&quot;:&quot;classic&quot;}\">\n\t\t\t\t\t\t<div class=\"elementor-container elementor-column-gap-default\">\n\t\t\t\t\t\t\t<div class=\"elementor-row\">\n\t\t\t\t\t<div class=\"aux-parallax-section elementor-column elementor-col-100 elementor-top-column elementor-element elementor-element-24fc0dbc\" data-id=\"24fc0dbc\" data-element_type=\"column\">\n\t\t\t<div class=\"elementor-column-wrap\">\n\t\t\t\t\t\t\t<div class=\"elementor-widget-wrap\">\n\t\t\t\t\t\t\t\t<\/div>\n\t\t\t\t\t<\/div>\n\t\t<\/div>\n\t\t\t\t\t\t\t\t<\/div>\n\t\t\t\t\t<\/div>\n\t\t<\/section>\n\t\t\t\t<section class=\"elementor-section elementor-top-section elementor-element elementor-element-3f89a925 elementor-section-boxed elementor-section-height-default elementor-section-height-default\" data-id=\"3f89a925\" data-element_type=\"section\">\n\t\t\t\t\t\t<div class=\"elementor-container elementor-column-gap-default\">\n\t\t\t\t\t\t\t<div class=\"elementor-row\">\n\t\t\t\t\t<div class=\"aux-parallax-section elementor-column elementor-col-100 elementor-top-column elementor-element elementor-element-35713c83\" data-id=\"35713c83\" data-element_type=\"column\">\n\t\t\t<div class=\"elementor-column-wrap elementor-element-populated\">\n\t\t\t\t\t\t\t<div class=\"elementor-widget-wrap\">\n\t\t\t\t\t\t<div class=\"elementor-element elementor-element-2d3b0b5b elementor-widget elementor-widget-text-editor\" data-id=\"2d3b0b5b\" data-element_type=\"widget\" data-widget_type=\"text-editor.default\">\n\t\t\t\t<div class=\"elementor-widget-container\">\n\t\t\t\t\t\t\t\t<div class=\"elementor-text-editor elementor-clearfix\">\n\t\t\t\t<h3>Ne jemi t\u00eb p\u00ebrkushtuar p\u00ebr nj\u00eb mjedis t\u00eb q\u00ebndruesh\u00ebm pune<\/h3><p>Sjellja e konsumatorit \u00ebsht\u00eb gjithmon\u00eb n\u00eb ndryshim. P\u00ebr shkak t\u00eb avancimit t\u00eb dixhitalizimit, pothuajse gjith\u00e7ka porositet online. Gjat\u00eb k\u00ebsaj kohe, kompanit\u00eb kan\u00eb nevoj\u00eb p\u00ebr staf t\u00eb p\u00ebrkushtuar p\u00ebr numrin e madh t\u00eb porosive. K\u00ebtu p\u00ebrfshihen edhe menaxher\u00ebt q\u00eb motivojn\u00eb dhe mb\u00ebshtesin aktivitetet.<\/p><p>N\u00eb t\u00eb nj\u00ebjt\u00ebn koh\u00eb, shit\u00ebsit lokal\u00eb po humbasin klient\u00ebt. Ata kan\u00eb nevoj\u00eb p\u00ebr strategji p\u00ebr t\u00eb mbajtur klient\u00ebt besnik\u00eb dhe ndoshta p\u00ebr t\u00eb fituar t\u00eb rinj. Stafi i gjithansh\u00ebm \u00ebsht\u00eb jasht\u00ebzakonisht i r\u00ebnd\u00ebsish\u00ebm p\u00ebr p\u00ebrshtatjen e shpejt\u00eb dhe t\u00eb orientuar drejt klientit.<\/p><p>Si rekrutues, ne jemi t\u00eb lumtur t&#039;ju ndihmojm\u00eb me k\u00ebto sfida dhe t\u00eb punojm\u00eb me ju p\u00ebr t\u00eb zhvilluar strategji p\u00ebr rekrutim.<\/p><p>Keni nevoj\u00eb p\u00ebr informacione t\u00eb m\u00ebtejshme n\u00eb lidhje me k\u00ebt\u00eb apo po k\u00ebrkoni nj\u00eb partner t\u00eb besuesh\u00ebm q\u00eb do t\u00eb p\u00ebrfshij\u00eb kompanin\u00eb tuaj n\u00eb planin afatgjat\u00eb dhe do t\u00eb shkruaj\u00eb histori suksesi me ju? At\u00ebher\u00eb ju keni ardhur n\u00eb vendin e duhur dhe ekipi yn\u00eb me p\u00ebrvoj\u00eb pret t\u00eb zgjeroj\u00eb rrjetin me ju dhe t&#039;ju ofroj\u00eb mb\u00ebshtetje profesionale n\u00eb t\u00eb gjitha \u00e7\u00ebshtjet tuaja.<\/p>\t\t\t\t\t<\/div>\n\t\t\t\t\t\t<\/div>\n\t\t\t\t<\/div>\n\t\t\t\t\t\t<\/div>\n\t\t\t\t\t<\/div>\n\t\t<\/div>\n\t\t\t\t\t\t\t\t<\/div>\n\t\t\t\t\t<\/div>\n\t\t<\/section>\n\t\t\t\t\t\t\t\t\t<\/div>\n\t\t\t<\/div>\n\t\t\t\t\t<\/div>","protected":false},"excerpt":{"rendered":"<p>Wir engagieren uns f\u00fcr eine nachhaltige Arbeitswelt Das Konsumverhalten der Menschen ist immer im Wandel. Durch die voranschreitende Digitalisierung wird fast alles online bestellt. In dieser Zeit ben\u00f6tigen Unternehmen f\u00fcr die Unmengen an Bestellungen engagiertes Personal. Dazu geh\u00f6ren auch F\u00fchrungskr\u00e4fte, die motivieren und bei den T\u00e4tigkeiten unterst\u00fctzen. Gleichzeitig gehen den lokalen H\u00e4ndlern Kunden verloren. Diese [&hellip;]<\/p>","protected":false},"featured_media":3144,"menu_order":0,"template":"","meta":{"footnotes":""},"portfolio-cat":[31],"portfolio-tag":[12],"portfolio-filter":[13],"class_list":["post-63","portfolio","type-portfolio","status-publish","has-post-thumbnail","hentry","portfolio-cat-handel","portfolio-tag-uncategorized","portfolio-filter-uncategorized"],"yoast_head":"<!-- This site is optimized with the Yoast SEO plugin v20.13 - https:\/\/yoast.com\/wordpress\/plugins\/seo\/ -->\n<title>Handel - JobConnector<\/title>\n<meta name=\"robots\" content=\"index, follow, max-snippet:-1, max-image-preview:large, max-video-preview:-1\" \/>\n<link rel=\"canonical\" href=\"https:\/\/job-connectors.de\/sq\/portfolio\/handel\/\" \/>\n<meta property=\"og:locale\" content=\"sq_AL\" \/>\n<meta property=\"og:type\" content=\"article\" \/>\n<meta property=\"og:title\" content=\"Handel - JobConnector\" \/>\n<meta property=\"og:description\" content=\"Wir engagieren uns f\u00fcr eine nachhaltige Arbeitswelt Das Konsumverhalten der Menschen ist immer im Wandel. Durch die voranschreitende Digitalisierung wird fast alles online bestellt. In dieser Zeit ben\u00f6tigen Unternehmen f\u00fcr die Unmengen an Bestellungen engagiertes Personal. Dazu geh\u00f6ren auch F\u00fchrungskr\u00e4fte, die motivieren und bei den T\u00e4tigkeiten unterst\u00fctzen. Gleichzeitig gehen den lokalen H\u00e4ndlern Kunden verloren. Diese [&hellip;]\" \/>\n<meta property=\"og:url\" content=\"https:\/\/job-connectors.de\/sq\/portfolio\/handel\/\" \/>\n<meta property=\"og:site_name\" content=\"JobConnector\" \/>\n<meta property=\"article:modified_time\" content=\"2023-01-09T13:20:08+00:00\" \/>\n<meta property=\"og:image\" content=\"https:\/\/job-connectors.de\/wp-content\/uploads\/2022\/09\/Jobvermittlung-Handel-branche-2.jpg\" \/>\n\t<meta property=\"og:image:width\" content=\"647\" \/>\n\t<meta property=\"og:image:height\" content=\"485\" \/>\n\t<meta property=\"og:image:type\" content=\"image\/jpeg\" \/>\n<meta name=\"twitter:card\" content=\"summary_large_image\" \/>\n<meta name=\"twitter:label1\" content=\"Est. reading time\" \/>\n\t<meta name=\"twitter:data1\" content=\"1 minut\u00eb\" \/>\n<script type=\"application\/ld+json\" class=\"yoast-schema-graph\">{\"@context\":\"https:\/\/schema.org\",\"@graph\":[{\"@type\":\"WebPage\",\"@id\":\"https:\/\/job-connectors.de\/ru\/portfolio\/handel\/\",\"url\":\"https:\/\/job-connectors.de\/ru\/portfolio\/handel\/\",\"name\":\"Handel - JobConnector\",\"isPartOf\":{\"@id\":\"https:\/\/job-connectors.de\/#website\"},\"datePublished\":\"2022-09-17T05:40:54+00:00\",\"dateModified\":\"2023-01-09T13:20:08+00:00\",\"breadcrumb\":{\"@id\":\"https:\/\/job-connectors.de\/ru\/portfolio\/handel\/#breadcrumb\"},\"inLanguage\":\"sq\",\"potentialAction\":[{\"@type\":\"ReadAction\",\"target\":[\"https:\/\/job-connectors.de\/ru\/portfolio\/handel\/\"]}]},{\"@type\":\"BreadcrumbList\",\"@id\":\"https:\/\/job-connectors.de\/ru\/portfolio\/handel\/#breadcrumb\",\"itemListElement\":[{\"@type\":\"ListItem\",\"position\":1,\"name\":\"Startseite\",\"item\":\"https:\/\/job-connectors.de\/\"},{\"@type\":\"ListItem\",\"position\":2,\"name\":\"Portfolios\",\"item\":\"https:\/\/job-connectors.de\/ru\/portfolio\/all\/\"},{\"@type\":\"ListItem\",\"position\":3,\"name\":\"Handel\"}]},{\"@type\":\"WebSite\",\"@id\":\"https:\/\/job-connectors.de\/#website\",\"url\":\"https:\/\/job-connectors.de\/\",\"name\":\"JobConnector\",\"description\":\"Wir vermitteln, was zusammenpasst.\",\"publisher\":{\"@id\":\"https:\/\/job-connectors.de\/#organization\"},\"potentialAction\":[{\"@type\":\"SearchAction\",\"target\":{\"@type\":\"EntryPoint\",\"urlTemplate\":\"https:\/\/job-connectors.de\/?s={search_term_string}\"},\"query-input\":\"required name=search_term_string\"}],\"inLanguage\":\"sq\"},{\"@type\":\"Organization\",\"@id\":\"https:\/\/job-connectors.de\/#organization\",\"name\":\"JobConnector\",\"url\":\"https:\/\/job-connectors.de\/\",\"logo\":{\"@type\":\"ImageObject\",\"inLanguage\":\"sq\",\"@id\":\"https:\/\/job-connectors.de\/#\/schema\/logo\/image\/\",\"url\":\"https:\/\/job-connectors.de\/wp-content\/uploads\/2022\/08\/cropped-JobConnector_logo.png\",\"contentUrl\":\"https:\/\/job-connectors.de\/wp-content\/uploads\/2022\/08\/cropped-JobConnector_logo.png\",\"width\":400,\"height\":67,\"caption\":\"JobConnector\"},\"image\":{\"@id\":\"https:\/\/job-connectors.de\/#\/schema\/logo\/image\/\"}}]}<\/script>\n<!-- \/ Yoast SEO plugin. -->","yoast_head_json":{"title":"Handel - JobConnector","robots":{"index":"index","follow":"follow","max-snippet":"max-snippet:-1","max-image-preview":"max-image-preview:large","max-video-preview":"max-video-preview:-1"},"canonical":"https:\/\/job-connectors.de\/sq\/portfolio\/handel\/","og_locale":"sq_AL","og_type":"article","og_title":"Handel - JobConnector","og_description":"Wir engagieren uns f\u00fcr eine nachhaltige Arbeitswelt Das Konsumverhalten der Menschen ist immer im Wandel. Durch die voranschreitende Digitalisierung wird fast alles online bestellt. In dieser Zeit ben\u00f6tigen Unternehmen f\u00fcr die Unmengen an Bestellungen engagiertes Personal. Dazu geh\u00f6ren auch F\u00fchrungskr\u00e4fte, die motivieren und bei den T\u00e4tigkeiten unterst\u00fctzen. Gleichzeitig gehen den lokalen H\u00e4ndlern Kunden verloren. Diese [&hellip;]","og_url":"https:\/\/job-connectors.de\/sq\/portfolio\/handel\/","og_site_name":"JobConnector","article_modified_time":"2023-01-09T13:20:08+00:00","og_image":[{"width":647,"height":485,"url":"https:\/\/job-connectors.de\/wp-content\/uploads\/2022\/09\/Jobvermittlung-Handel-branche-2.jpg","type":"image\/jpeg"}],"twitter_card":"summary_large_image","twitter_misc":{"Est. reading time":"1 minut\u00eb"},"schema":{"@context":"https:\/\/schema.org","@graph":[{"@type":"WebPage","@id":"https:\/\/job-connectors.de\/ru\/portfolio\/handel\/","url":"https:\/\/job-connectors.de\/ru\/portfolio\/handel\/","name":"Handel - JobConnector","isPartOf":{"@id":"https:\/\/job-connectors.de\/#website"},"datePublished":"2022-09-17T05:40:54+00:00","dateModified":"2023-01-09T13:20:08+00:00","breadcrumb":{"@id":"https:\/\/job-connectors.de\/ru\/portfolio\/handel\/#breadcrumb"},"inLanguage":"sq","potentialAction":[{"@type":"ReadAction","target":["https:\/\/job-connectors.de\/ru\/portfolio\/handel\/"]}]},{"@type":"BreadcrumbList","@id":"https:\/\/job-connectors.de\/ru\/portfolio\/handel\/#breadcrumb","itemListElement":[{"@type":"ListItem","position":1,"name":"Startseite","item":"https:\/\/job-connectors.de\/"},{"@type":"ListItem","position":2,"name":"Portfolios","item":"https:\/\/job-connectors.de\/ru\/portfolio\/all\/"},{"@type":"ListItem","position":3,"name":"Handel"}]},{"@type":"WebSite","@id":"https:\/\/job-connectors.de\/#website","url":"https:\/\/job-connectors.de\/","name":"JobConnector","description":"Wir vermitteln, was zusammenpasst.","publisher":{"@id":"https:\/\/job-connectors.de\/#organization"},"potentialAction":[{"@type":"SearchAction","target":{"@type":"EntryPoint","urlTemplate":"https:\/\/job-connectors.de\/?s={search_term_string}"},"query-input":"required name=search_term_string"}],"inLanguage":"sq"},{"@type":"Organization","@id":"https:\/\/job-connectors.de\/#organization","name":"JobConnector","url":"https:\/\/job-connectors.de\/","logo":{"@type":"ImageObject","inLanguage":"sq","@id":"https:\/\/job-connectors.de\/#\/schema\/logo\/image\/","url":"https:\/\/job-connectors.de\/wp-content\/uploads\/2022\/08\/cropped-JobConnector_logo.png","contentUrl":"https:\/\/job-connectors.de\/wp-content\/uploads\/2022\/08\/cropped-JobConnector_logo.png","width":400,"height":67,"caption":"JobConnector"},"image":{"@id":"https:\/\/job-connectors.de\/#\/schema\/logo\/image\/"}}]}},"_links":{"self":[{"href":"https:\/\/job-connectors.de\/sq\/wp-json\/wp\/v2\/portfolio\/63","targetHints":{"allow":["GET"]}}],"collection":[{"href":"https:\/\/job-connectors.de\/sq\/wp-json\/wp\/v2\/portfolio"}],"about":[{"href":"https:\/\/job-connectors.de\/sq\/wp-json\/wp\/v2\/types\/portfolio"}],"version-history":[{"count":10,"href":"https:\/\/job-connectors.de\/sq\/wp-json\/wp\/v2\/portfolio\/63\/revisions"}],"predecessor-version":[{"id":3007,"href":"https:\/\/job-connectors.de\/sq\/wp-json\/wp\/v2\/portfolio\/63\/revisions\/3007"}],"wp:featuredmedia":[{"embeddable":true,"href":"https:\/\/job-connectors.de\/sq\/wp-json\/wp\/v2\/media\/3144"}],"wp:attachment":[{"href":"https:\/\/job-connectors.de\/sq\/wp-json\/wp\/v2\/media?parent=63"}],"wp:term":[{"taxonomy":"portfolio-cat","embeddable":true,"href":"https:\/\/job-connectors.de\/sq\/wp-json\/wp\/v2\/portfolio-cat?post=63"},{"taxonomy":"portfolio-tag","embeddable":true,"href":"https:\/\/job-connectors.de\/sq\/wp-json\/wp\/v2\/portfolio-tag?post=63"},{"taxonomy":"portfolio-filter","embeddable":true,"href":"https:\/\/job-connectors.de\/sq\/wp-json\/wp\/v2\/portfolio-filter?post=63"}],"curies":[{"name":"wp","href":"https:\/\/api.w.org\/{rel}","templated":true}]}}

tregtisë

<div data-elementor-type="wp-post" data-elementor-id="63" class="elementor elementor-63">
						<div class="elementor-inner">
				<div class="elementor-section-wrap">
									<section class="elementor-section elementor-top-section elementor-element elementor-element-7849112e elementor-section-full_width elementor-section-height-default elementor-section-height-default" data-id="7849112e" data-element_type="section" data-settings="{&quot;background_background&quot;:&quot;classic&quot;}">
						<div class="elementor-container elementor-column-gap-default">
							<div class="elementor-row">
					<div class="aux-parallax-section elementor-column elementor-col-100 elementor-top-column elementor-element elementor-element-24fc0dbc" data-id="24fc0dbc" data-element_type="column">
			<div class="elementor-column-wrap">
							<div class="elementor-widget-wrap">
								</div>
					</div>
		</div>
								</div>
					</div>
		</section>
				<section class="elementor-section elementor-top-section elementor-element elementor-element-3f89a925 elementor-section-boxed elementor-section-height-default elementor-section-height-default" data-id="3f89a925" data-element_type="section">
						<div class="elementor-container elementor-column-gap-default">
							<div class="elementor-row">
					<div class="aux-parallax-section elementor-column elementor-col-100 elementor-top-column elementor-element elementor-element-35713c83" data-id="35713c83" data-element_type="column">
			<div class="elementor-column-wrap elementor-element-populated">
							<div class="elementor-widget-wrap">
						<div class="elementor-element elementor-element-2d3b0b5b elementor-widget elementor-widget-text-editor" data-id="2d3b0b5b" data-element_type="widget" data-widget_type="text-editor.default">
				<div class="elementor-widget-container">
								<div class="elementor-text-editor elementor-clearfix">
				<h3>Ne jemi të përkushtuar për një mjedis të qëndrueshëm pune</h3><p>Sjellja e konsumatorit është gjithmonë në ndryshim. Për shkak të avancimit të dixhitalizimit, pothuajse gjithçka porositet online. Gjatë kësaj kohe, kompanitë kanë nevojë për staf të përkushtuar për numrin e madh të porosive. Këtu përfshihen edhe menaxherët që motivojnë dhe mbështesin aktivitetet.</p><p>Në të njëjtën kohë, shitësit lokalë po humbasin klientët. Ata kanë nevojë për strategji për të mbajtur klientët besnikë dhe ndoshta për të fituar të rinj. Stafi i gjithanshëm është jashtëzakonisht i rëndësishëm për përshtatjen e shpejtë dhe të orientuar drejt klientit.</p><p>Si rekrutues, ne jemi të lumtur t&#039;ju ndihmojmë me këto sfida dhe të punojmë me ju për të zhvilluar strategji për rekrutim.</p><p>Keni nevojë për informacione të mëtejshme në lidhje me këtë apo po kërkoni një partner të besueshëm që do të përfshijë kompaninë tuaj në planin afatgjatë dhe do të shkruajë histori suksesi me ju? Atëherë ju keni ardhur në vendin e duhur dhe ekipi ynë me përvojë pret të zgjerojë rrjetin me ju dhe t&#039;ju ofrojë mbështetje profesionale në të gjitha çështjet tuaja.</p>					</div>
						</div>
				</div>
						</div>
					</div>
		</div>
								</div>
					</div>
		</section>
									</div>
			</div>
					</div>

<p>Wir engagieren uns für eine nachhaltige Arbeitswelt Das Konsumverhalten der Menschen ist immer im Wandel. Durch die voranschreitende Digitalisierung wird fast alles online bestellt. In dieser Zeit benötigen Unternehmen für die Unmengen an Bestellungen engagiertes Personal. Dazu gehören auch Führungskräfte, die motivieren und bei den Tätigkeiten unterstützen. Gleichzeitig gehen den lokalen Händlern Kunden verloren. Diese [&hellip;]</p>

<!-- This site is optimized with the Yoast SEO plugin v20.13 - https://yoast.com/wordpress/plugins/seo/ -->
<title>Handel - JobConnector</title>
<meta name="robots" content="index, follow, max-snippet:-1, max-image-preview:large, max-video-preview:-1" />
<link rel="canonical" href="https://job-connectors.de/sq/portfolio/handel/" />
<meta property="og:locale" content="sq_AL" />
<meta property="og:type" content="article" />
<meta property="og:title" content="Handel - JobConnector" />
<meta property="og:description" content="Wir engagieren uns für eine nachhaltige Arbeitswelt Das Konsumverhalten der Menschen ist immer im Wandel. Durch die voranschreitende Digitalisierung wird fast alles online bestellt. In dieser Zeit benötigen Unternehmen für die Unmengen an Bestellungen engagiertes Personal. Dazu gehören auch Führungskräfte, die motivieren und bei den Tätigkeiten unterstützen. Gleichzeitig gehen den lokalen Händlern Kunden verloren. Diese [&hellip;]" />
<meta property="og:url" content="https://job-connectors.de/sq/portfolio/handel/" />
<meta property="og:site_name" content="JobConnector" />
<meta property="article:modified_time" content="2023-01-09T13:20:08+00:00" />
<meta property="og:image" content="https://job-connectors.de/wp-content/uploads/2022/09/Jobvermittlung-Handel-branche-2.jpg" />
	<meta property="og:image:width" content="647" />
	<meta property="og:image:height" content="485" />
	<meta property="og:image:type" content="image/jpeg" />
<meta name="twitter:card" content="summary_large_image" />
<meta name="twitter:label1" content="Est. reading time" />
	<meta name="twitter:data1" content="1 minutë" />
<script type="application/ld+json" class="yoast-schema-graph">{"@context":"https://schema.org","@graph":[{"@type":"WebPage","@id":"https://job-connectors.de/ru/portfolio/handel/","url":"https://job-connectors.de/ru/portfolio/handel/","name":"Handel - JobConnector","isPartOf":{"@id":"https://job-connectors.de/#website"},"datePublished":"2022-09-17T05:40:54+00:00","dateModified":"2023-01-09T13:20:08+00:00","breadcrumb":{"@id":"https://job-connectors.de/ru/portfolio/handel/#breadcrumb"},"inLanguage":"sq","potentialAction":[{"@type":"ReadAction","target":["https://job-connectors.de/ru/portfolio/handel/"]}]},{"@type":"BreadcrumbList","@id":"https://job-connectors.de/ru/portfolio/handel/#breadcrumb","itemListElement":[{"@type":"ListItem","position":1,"name":"Startseite","item":"https://job-connectors.de/"},{"@type":"ListItem","position":2,"name":"Portfolios","item":"https://job-connectors.de/ru/portfolio/all/"},{"@type":"ListItem","position":3,"name":"Handel"}]},{"@type":"WebSite","@id":"https://job-connectors.de/#website","url":"https://job-connectors.de/","name":"JobConnector","description":"Wir vermitteln, was zusammenpasst.","publisher":{"@id":"https://job-connectors.de/#organization"},"potentialAction":[{"@type":"SearchAction","target":{"@type":"EntryPoint","urlTemplate":"https://job-connectors.de/?s={search_term_string}"},"query-input":"required name=search_term_string"}],"inLanguage":"sq"},{"@type":"Organization","@id":"https://job-connectors.de/#organization","name":"JobConnector","url":"https://job-connectors.de/","logo":{"@type":"ImageObject","inLanguage":"sq","@id":"https://job-connectors.de/#/schema/logo/image/","url":"https://job-connectors.de/wp-content/uploads/2022/08/cropped-JobConnector_logo.png","contentUrl":"https://job-connectors.de/wp-content/uploads/2022/08/cropped-JobConnector_logo.png","width":400,"height":67,"caption":"JobConnector"},"image":{"@id":"https://job-connectors.de/#/schema/logo/image/"}}]}</script>
<!-- / Yoast SEO plugin. -->

Wir engagieren uns für eine nachhaltige Arbeitswelt Das Konsumverhalten der Menschen ist immer im Wandel. Durch die voranschreitende Digitalisierung wird fast alles online bestellt. In dieser Zeit benötigen Unternehmen für die Unmengen an Bestellungen engagiertes Personal. Dazu gehören auch Führungskräfte, die motivieren und bei den Tätigkeiten unterstützen. Gleichzeitig gehen den lokalen Händlern Kunden verloren. Diese [&hellip;]

1 minutë
